{"id":11,"date":"2023-11-23T10:46:39","date_gmt":"2023-11-23T13:46:39","guid":{"rendered":"https:\/\/easyice.com.br\/sorvetes\/?page_id=11"},"modified":"2023-12-07T12:14:14","modified_gmt":"2023-12-07T15:14:14","slug":"home","status":"publish","type":"page","link":"https:\/\/easyice.com.br\/sorvetes\/","title":{"rendered":"Home"},"content":{"rendered":"<h1><b>Sorvete Delicioso, Pedido Descomplicado!<\/b><\/h1>\n<p>Fa\u00e7a seu pedido agora no iFood e receba em minutos. Clique abaixo e deixe a Easyice ado\u00e7ar o seu dia! O melhor sorvete de BH vai onde voc\u00ea est\u00e1!<\/p>\n","protected":false},"excerpt":{"rendered":"<p>Sorvete Delicioso, Pedido Descomplicado! Fa\u00e7a seu pedido agora no iFood e receba em minutos. Clique [&hellip;]<\/p>\n","protected":false},"author":1,"featured_media":0,"parent":0,"menu_order":0,"comment_status":"closed","ping_status":"closed","template":"","meta":{"_acf_changed":false,"footnotes":""},"class_list":["post-11","page","type-page","status-publish","hentry"],"acf":[],"yoast_head":"<!-- This site is optimized with the Yoast SEO plugin v27.2 - https:\/\/yoast.com\/product\/yoast-seo-wordpress\/ -->\n<title>Easyice | Sorvete Delicioso, Pedido Descomplicado!<\/title>\n<meta name=\"description\" content=\"Fa\u00e7a seu pedido agora no iFood e receba em minutos. Clique abaixo e deixe a Easyice ado\u00e7ar o seu dia!O melhor sorvete de BH\" \/>\n<meta name=\"robots\" content=\"index, follow, max-snippet:-1, max-image-preview:large, max-video-preview:-1\" \/>\n<link rel=\"canonical\" href=\"https:\/\/easyice.com.br\/sorvetes\/\" \/>\n<meta property=\"og:locale\" content=\"pt_BR\" \/>\n<meta property=\"og:type\" content=\"article\" \/>\n<meta property=\"og:title\" content=\"Easyice | Sorvete Delicioso, Pedido Descomplicado!\" \/>\n<meta property=\"og:description\" content=\"Fa\u00e7a seu pedido agora no iFood e receba em minutos. Clique abaixo e deixe a Easyice ado\u00e7ar o seu dia!O melhor sorvete de BH\" \/>\n<meta property=\"og:url\" content=\"https:\/\/easyice.com.br\/sorvetes\/\" \/>\n<meta property=\"og:site_name\" content=\"Easyice\" \/>\n<meta property=\"article:modified_time\" content=\"2023-12-07T15:14:14+00:00\" \/>\n<meta name=\"twitter:card\" content=\"summary_large_image\" \/>\n<meta name=\"twitter:label1\" content=\"Est. tempo de leitura\" \/>\n\t<meta name=\"twitter:data1\" content=\"1 minuto\" \/>\n<script type=\"application\/ld+json\" class=\"yoast-schema-graph\">{\"@context\":\"https:\/\/schema.org\",\"@graph\":[{\"@type\":\"WebPage\",\"@id\":\"https:\/\/easyice.com.br\/sorvetes\/\",\"url\":\"https:\/\/easyice.com.br\/sorvetes\/\",\"name\":\"Easyice | Sorvete Delicioso, Pedido Descomplicado!\",\"isPartOf\":{\"@id\":\"https:\/\/easyice.com.br\/sorvetes\/#website\"},\"datePublished\":\"2023-11-23T13:46:39+00:00\",\"dateModified\":\"2023-12-07T15:14:14+00:00\",\"description\":\"Fa\u00e7a seu pedido agora no iFood e receba em minutos. Clique abaixo e deixe a Easyice ado\u00e7ar o seu dia!O melhor sorvete de BH\",\"breadcrumb\":{\"@id\":\"https:\/\/easyice.com.br\/sorvetes\/#breadcrumb\"},\"inLanguage\":\"pt-BR\",\"potentialAction\":[{\"@type\":\"ReadAction\",\"target\":[\"https:\/\/easyice.com.br\/sorvetes\/\"]}]},{\"@type\":\"BreadcrumbList\",\"@id\":\"https:\/\/easyice.com.br\/sorvetes\/#breadcrumb\",\"itemListElement\":[{\"@type\":\"ListItem\",\"position\":1,\"name\":\"Home\",\"item\":\"https:\/\/easyice.com.br\/sorvetes\/\"},{\"@type\":\"ListItem\",\"position\":2,\"name\":\"Home\"}]},{\"@type\":\"WebSite\",\"@id\":\"https:\/\/easyice.com.br\/sorvetes\/#website\",\"url\":\"https:\/\/easyice.com.br\/sorvetes\/\",\"name\":\"Easyice\",\"description\":\"\",\"potentialAction\":[{\"@type\":\"SearchAction\",\"target\":{\"@type\":\"EntryPoint\",\"urlTemplate\":\"https:\/\/easyice.com.br\/sorvetes\/?s={search_term_string}\"},\"query-input\":{\"@type\":\"PropertyValueSpecification\",\"valueRequired\":true,\"valueName\":\"search_term_string\"}}],\"inLanguage\":\"pt-BR\"}]}<\/script>\n<!-- \/ Yoast SEO plugin. -->","yoast_head_json":{"title":"Easyice | Sorvete Delicioso, Pedido Descomplicado!","description":"Fa\u00e7a seu pedido agora no iFood e receba em minutos. Clique abaixo e deixe a Easyice ado\u00e7ar o seu dia!O melhor sorvete de BH","robots":{"index":"index","follow":"follow","max-snippet":"max-snippet:-1","max-image-preview":"max-image-preview:large","max-video-preview":"max-video-preview:-1"},"canonical":"https:\/\/easyice.com.br\/sorvetes\/","og_locale":"pt_BR","og_type":"article","og_title":"Easyice | Sorvete Delicioso, Pedido Descomplicado!","og_description":"Fa\u00e7a seu pedido agora no iFood e receba em minutos. Clique abaixo e deixe a Easyice ado\u00e7ar o seu dia!O melhor sorvete de BH","og_url":"https:\/\/easyice.com.br\/sorvetes\/","og_site_name":"Easyice","article_modified_time":"2023-12-07T15:14:14+00:00","twitter_card":"summary_large_image","twitter_misc":{"Est. tempo de leitura":"1 minuto"},"schema":{"@context":"https:\/\/schema.org","@graph":[{"@type":"WebPage","@id":"https:\/\/easyice.com.br\/sorvetes\/","url":"https:\/\/easyice.com.br\/sorvetes\/","name":"Easyice | Sorvete Delicioso, Pedido Descomplicado!","isPartOf":{"@id":"https:\/\/easyice.com.br\/sorvetes\/#website"},"datePublished":"2023-11-23T13:46:39+00:00","dateModified":"2023-12-07T15:14:14+00:00","description":"Fa\u00e7a seu pedido agora no iFood e receba em minutos. Clique abaixo e deixe a Easyice ado\u00e7ar o seu dia!O melhor sorvete de BH","breadcrumb":{"@id":"https:\/\/easyice.com.br\/sorvetes\/#breadcrumb"},"inLanguage":"pt-BR","potentialAction":[{"@type":"ReadAction","target":["https:\/\/easyice.com.br\/sorvetes\/"]}]},{"@type":"BreadcrumbList","@id":"https:\/\/easyice.com.br\/sorvetes\/#breadcrumb","itemListElement":[{"@type":"ListItem","position":1,"name":"Home","item":"https:\/\/easyice.com.br\/sorvetes\/"},{"@type":"ListItem","position":2,"name":"Home"}]},{"@type":"WebSite","@id":"https:\/\/easyice.com.br\/sorvetes\/#website","url":"https:\/\/easyice.com.br\/sorvetes\/","name":"Easyice","description":"","potentialAction":[{"@type":"SearchAction","target":{"@type":"EntryPoint","urlTemplate":"https:\/\/easyice.com.br\/sorvetes\/?s={search_term_string}"},"query-input":{"@type":"PropertyValueSpecification","valueRequired":true,"valueName":"search_term_string"}}],"inLanguage":"pt-BR"}]}},"_links":{"self":[{"href":"https:\/\/easyice.com.br\/sorvetes\/wp-json\/wp\/v2\/pages\/11","targetHints":{"allow":["GET"]}}],"collection":[{"href":"https:\/\/easyice.com.br\/sorvetes\/wp-json\/wp\/v2\/pages"}],"about":[{"href":"https:\/\/easyice.com.br\/sorvetes\/wp-json\/wp\/v2\/types\/page"}],"author":[{"embeddable":true,"href":"https:\/\/easyice.com.br\/sorvetes\/wp-json\/wp\/v2\/users\/1"}],"replies":[{"embeddable":true,"href":"https:\/\/easyice.com.br\/sorvetes\/wp-json\/wp\/v2\/comments?post=11"}],"version-history":[{"count":17,"href":"https:\/\/easyice.com.br\/sorvetes\/wp-json\/wp\/v2\/pages\/11\/revisions"}],"predecessor-version":[{"id":69,"href":"https:\/\/easyice.com.br\/sorvetes\/wp-json\/wp\/v2\/pages\/11\/revisions\/69"}],"wp:attachment":[{"href":"https:\/\/easyice.com.br\/sorvetes\/wp-json\/wp\/v2\/media?parent=11"}],"curies":[{"name":"wp","href":"https:\/\/api.w.org\/{rel}","templated":true}]}}